00010100 (base 2) to base 4.
10110
What is -22 (base 13) in base 12?
-24
Convert 8 (base 15) to base 7.
11
What is 8 (base 13) in base 5?
13
-46 (base 10) to base 15
-31
Convert -1 (base 4) to base 2.
-1
What is 20 (base 8) in base 3?
121
Convert -15 (base 8) to base 6.
-21
-100 (base 2) to base 13
-4
What is 2 (base 9) in base 4?
2
What is 17 (base 10) in base 6?
25
-4 (base 15) to base 9
-4
Convert -182 (base 10) to base 3.
-20202
Convert -41 (base 8) to base 3.
-1020
10 (base 2) to base 15
2
-2 (base 6) to base 13
-2
What is 27 (base 16) in base 4?
213
What is -5 (base 14) in base 8?
-5
What is -10 (base 2) in base 4?
-2
324 (base 5) to base 16
59
What is 71 (base 8) in base 13?
45
What is -203 (base 5) in base 3?
-1222
What is -10 (base 8) in base 10?
-8
Convert 204 (base 10) to base 9.
246
Convert -3 (base 12) to base 8.
-3
Convert -8 (base 16) to base 14.
-8
What is 1111100 (base 2) in base 4?
1330
What is 0 (base 4) in base 15?
0
Convert -40 (base 9) to base 11.
-33
What is -10a (base 11) in base 2?
-10000011
What is -2011 (base 3) in base 13?
-46
2 (base 9) to base 15
2
Convert 155 (base 10) to base 9.
182
40 (base 5) to base 15
15
What is 24 (base 8) in base 5?
40
What is -11 (base 13) in base 5?
-24
What is -1410 (base 5) in base 6?
-1022
Convert -2 (base 11) to base 8.
-2
Convert -a5 (base 12) to base 2.
-1111101
Convert -32 (base 7) to base 4.
-113
11 (base 12) to base 6
21
Convert -6 (base 9) to base 2.
-110
Convert -33 (base 15) to base 14.
-36
Convert 10 (base 3) to base 4.
3
Convert -7 (base 10) to base 12.
-7
What is -8 (base 9) in base 5?
-13
-2 (base 11) to base 5
-2
Convert -7 (base 12) to base 10.
-7
What is -1 (base 8) in base 12?
-1
-9 (base 12) to base 11
-9
-2 (base 3) to base 9
-2
Convert 3 (base 7) to base 5.
3
What is 4 (base 12) in base 6?
4
31 (base 13) to base 4
220
Convert 7 (base 12) to base 9.
7
Convert -2 (base 6) to base 4.
-2
10021 (base 3) to base 13
6a
Convert 28 (base 13) to base 3.
1021
What is -1 (base 9) in base 5?
-1
What is 2 (base 14) in base 7?
2
Convert -2 (base 13) to base 6.
-2
Convert -11101 (base 2) to base 9.
-32
What is -12 (base 12) in base 13?
-11
-28 (base 9) to base 5
-101
3 (base 5) to base 15
3
Convert 3 (base 9) to base 14.
3
Convert 51 (base 13) to base 12.
56
What is -21 (base 6) in base 16?
-d
2 (base 16) to base 9
2
What is 0 (base 15) in base 5?
0
Convert -231 (base 6) to base 2.
-1011011
What is 13 (base 6) in base 16?
9
Convert -5b (base 15) to base 16.
-56
Convert 3 (base 13) to base 8.
3
What is -7 (base 10) in base 5?
-12
Convert -23 (base 4) to base 12.
-b
Convert 59 (base 13) to base 2.
1001010
What is -21 (base 4) in base 7?
-12
Convert -3 (base 11) to base 2.
-11
8 (base 9) to base 11
8
244 (base 5) to base 2
1001010
Convert 1010 (base 4) to base 6.
152
Convert -172 (base 8) to base 13.
-95
Convert 8 (base 14) to base 12.
8
Convert 0 (base 4) to base 16.
0
Convert 0 (base 6) to base 8.
0
-2b (base 12) to base 11
-32
-21 (base 5) to base 16
-b
What is -120 (base 4) in base 8?
-30
24 (base 6) to base 12
14
What is -310 (base 6) in base 11?
-a4
What is 169 (base 10) in base 16?
a9
Convert 5 (base 9) to base 3.
12
Convert -9 (base 15) to base 14.
-9
0 (base 10) to base 8
0
What is -100112 (base 3) in base 5?
-2012
What is 5 (base 6) in base 7?
5
1 (base 4) to base 2
1
Convert -1022 (base 3) to base 8.
-43
What is 13 (base 8) in base 2?
1011
Convert 57 (base 12) to base 8.
103
24 (base 11) to base 9
28
-10110 (base 2) to base 15
-17
-12 (base 7) to base 5
-14
What is 111 (base 3) in base 2?
1101
What is 1031 (base 7) in base 14?
1c1
What is -132 (base 6) in base 9?
-62
Convert 124 (base 5) to base 7.
54
What is 1 (base 6) in base 15?
1
What is 5 (base 7) in base 2?
101
What is -12 (base 7) in base 5?
-14
Convert -11 (base 9) to base 3.
-101
Convert 6 (base 16) to base 11.
6
Convert 3 (base 13) to base 16.
3
Convert 84 (base 13) to base 11.
99
Convert -33 (base 11) to base 7.
-51
Convert 110 (base 4) to base 13.
17
11 (base 7) to base 13
8
3 (base 4) to base 16
3
What is -a (base 12) in base 13?
-a
What is -2 (base 14) in base 7?
-2
Convert -1 (base 9) to base 5.
-1
Convert 6 (base 14) to base 11.
6
-145 (base 6) to base 14
-49
Convert -3 (base 13) to base 5.
-3
What is -28 (base 9) in base 6?
-42
What is -10001 (base 2) in base 7?
-23
-2 (base 12) to base 5
-2
-1 (base 13) to base 2
-1
What is -110 (base 3) in base 5?
-22
48 (base 13) to base 7
114
Convert -133 (base 4) to base 9.
-34
41 (base 11) to base 2
101101
Convert 100 (base 6) to base 3.
1100
-1d (base 16) to base 8
-35
Convert -5 (base 9) to base 16.
-5
Convert -2 (base 6) to base 3.
-2
Convert 14 (base 10) to base 9.
15
What is -8b (base 12) in base 6?
-255
-1 (base 13) to base 7
-1
Convert 2 (base 4) to base 7.
2
-101 (base 9) to base 13
-64
Convert 1 (base 6) to base 16.
1
What is 56 (base 11) in base 8?
75
Convert 2 (base 12) to base 13.
2
Convert -1 (base 15) to base 5.
-1
Convert -10 (base 6) to base 14.
-6
What is a (base 15) in base 8?
12
What is -1001 (base 2) in base 15?
-9
1 (base 3) to base 16
1
Convert 66 (base 7) to base 9.
53
0 (base 16) to base 15
0
What is -15b (base 12) in base 6?
-555
What is 230 (base 12) in base 14?
192
34 (base 7) to base 10
25
10 (base 5) to base 14
5
What is 33 (base 13) in base 14?
30
-1100 (base 2) to base 13
-c
What is -1 (base 5) in base 2?
-1
What is 2 (base 15) in base 14?
2
Convert -43 (base 15) to base 11.
-58
Convert -9 (base 11) to base 5.
-14
What is 3 (base 6) in base 4?
3
Convert 111010 (base 2) to base 15.
3d
Convert 10000 (base 2) to base 10.
16
Convert -5 (base 7) to base 14.
-5
Convert -170 (base 14) to base 15.
-149
-11 (base 12) to base 3
-111
-23 (base 9) to base 8
-25
143 (base 6) to base 11
58
What is -6 (base 7) in base 5?
-11
101001 (base 3) to base 12
1a7
-5 (base 12) to base 7
-5
Convert 137 (base 8) to base 4.
1133
What is -2 (base 11) in base 9?
-2
-53 (base 8) to base 6
-111
What is -3 (base 14) in base 2?
-11
13 (base 11) to base 7
20
What is 1f (base 16) in base 13?
25
1 (base 6) to base 8
1
-7 (base 11) to base 9
-7
What is -2 (base 8) in base 6?
-2
Convert 3 (base 10) to base 14.
3
-8 (base 13) to base 7
-11
Convert -37 (base 8) to base 3.
-1011
What is -10 (base 9) in base 15?
-9
-10011 (base 2) to base 15
-14
2 (base 7) to base 4
2
-1 (base 3) to base 9
-1
1010 (base 2) to base 10
10
314 (base 5) to base 16
54
63 (base 12) to base 8
113
Convert -1 (base 3) to base 11.
-1
What is -53 (base 6) in base 13?
-27
Convert -b7 (base 16) to base 9.
-223
What is -25 (base 6) in base 11?
-16
What is 1001011 (base 2) in base 6?
203
Convert 1202 (base 3) to base 13.
38
What is 10200 (base 3) in base 6?
243
-504 (base 6) to base 2
-10111000
Convert -27 (base 8) to base 7.
-32
34 (base 6) to base 11
20
What is -4e (base 16) in base 6?
-210
1122 (base 3) to base 5
134
Convert -1114 (base 5) to base 7.
-315
Convert -2 (base 6) to base 15.
-2
375 (base 8) to base 3
100101
Convert -2 (base 7) to base 15.
-2
100010 (base 2) to base 4
202
Convert -2 (base 16) to base 3.
-2
Convert -42 (base 6) to base 12.
-22
What is -17 (base 8) in base 12?
-13
Convert -3 (base 16) to base 5.
-3
-1111 (base 2) to base 7
-21
5 (base 11) to base 15
5
What is 54 (base 15) in base 14?
59
What is -7 (base 12) in base 14?
-7
What is -16 (base 14) in base 4?
-110
What is 14c (base 13) in base 11?
1a2
What is -10 (base 2) in base 16?
-2
What is -111010 (base 2) in base 12?
-4a
What is -10 (base 10) in base 14?
-a
-15 (base 10) to base 6
-23
Convert -11 (base 2) to base 14.
-3
2 (base 13) to base 14
2
What is 0 (base 4) in base 8?
0
What is -101 (base 3) in base 9?
-11
What is -1 (base 7) in base 5?
-1
-1222 (base 3) to base 16
-35
4 (base 7) to base 10
4
Convert 41 (base 5) to base 4.
111
Convert 2001 (base 3) to base 10.
55
-20211 (base 3) to base 7
-352
d (base 14) to base 10
13
11210 (base 3) to base 15
89
-113 (base 7) to base 10
-59
Convert -26 (base 8) to base 5.
-42
What is -4 (base 5) in base 14?
-4
What is -136 (base 12) in base 13?
-114
1121 (base 3) to base 10
43
Convert -100111101 (base 2) to base 8.
-475
Convert -40 (base 6) to base 16.
-18
1 (base 12) to base 10
1
What is -102 (base 5) in base 16?
-1b
Convert 9 (base 15) to base 2.
1001
What is 1 (base 11) in base 8?